.
56
Calculate 5 + 14 + (-31 - -50).
38
Calculate 4 - -43 - (-2 - -1) - (1 - -16 - 9).
40
112 + (25 - 35 - 63)
39
What is 2 + 42 - (1 - -4 - (-221 + 222))?
40
Calculate 35 - 12 - (-16 + -5 - 0).
44
What is (27 - 14) + -9 + -13 + (47 - -3)?
41
37 - 1 - (0 + 27 + -27 + 6)
30
13 - 19 - (-2 + -33 - 0 - 5)
34
Calculate (92 + -9 - 153) + (2 + -2 + 4 - 0).
-66
Evaluate 97 - 8 - (-1018 + 1165).
-58
17 + 0 + 5 + (-137 - -70) - (-1 - 8)
-36
Evaluate 26 - (-4 + 43 - 18).
5
Evaluate (29 + -26 - (1 - -3)) + -4 + 78 + -22.
51
44 + 41 + -35 - (3 + 11)
36
What is (-2 - (0 - 11)) + -2 - (337 + (-398 - -16))?
52
What is the value of -7 + (-138 - 2 - 2 - (1439 + -1436))?
-152
What is the value of (-14 + 6 - -2) + -21 - (-2 + 9)?
-34
Calculate -19 - ((13 - 0) + (21 - 47)) - 9 - -33.
18
What is the value of -1 - -8 - (171 - (75 + 34))?
-55
Evaluate 4 - (-19 + -4 + 69 + -8).
-34
Evaluate -348 + 336 - (0 - (12 + 3)).
3
What is 41 + -31 + 62 - (21 - 40)?
91
Evaluate (11 + 0 - 16 - -19) + -59 + 100.
55
Calculate (-14 - 0) + (87 + 2 - (-171 + 158)).
88
Calculate -9 + (-4 - -11) - (-9 + 14 + -9).
2
Evaluate (-30 - 1) + (252 - (177 - 25)).
69
What is 37 - 2 - (-74 + 55 - (-1 + -3))?
50
What is the value of (4 - (-8 - (0 + 6))) + (-4 - 16)?
-2
-15 + -5 + 14 + 6 + -17
-17
Evaluate (11 - (33 + -17 - 40)) + 21.
56
(5 - -30) + -37 + -80
-82
What is (-35 - -45 - (11 + 2)) + 12?
9
Calculate (0 + 16 - (25 - -5)) + -37.
-51
Evaluate 41 - -63 - 52 - 94.
-42
6 + 9 + (-3 - 1 - (12 - -4)) + 27
22
Calculate 10 + -8 + (2 - 3) + (-213 - -214) + -41.
-39
Evaluate 10 - ((-1 - (-19 + 7 + 1)) + (-3 - 45)).
48
Evaluate (-202 + 63 - -148) + 3 + 1 + -2.
11
Calculate 30 + -23 - (9 - -11) - -15.
2
-141 + 237 + -149 - -76
23
Calculate -129 - ((59 - 114) + -20).
-54
Evaluate 16 + -88 - -30 - -63.
21
What is the value of 0 - -37 - (6 + -2 - -22)?
11
Evaluate 1 + -12 + (-13 - (-13 + 24 - 30 - -13)).
-18
16 + (0 - 34) + (12 - (9 - 10))
-5
What is the value of -21 - (56 - (-10 - -74))?
-13
What is -3 - (37 - (25 + 2)) - (-53 + 2)?
38
(10 + -122 - -136) + (-45 - 2)
-23
Calculate 13 + -24 + (495 - 375).
109
Calculate 8 + (-2 - -2) + -9 + (-2 + 7 - 7).
-3
What is the value of 7 - (0 + 1) - (-298 + 206 - (-16 + -2))?
80
What is (-21 - (4 + -23 + 10) - -15) + 72 + 2?
77
(1 - -1 - (55 - 8)) + (-23 - (1 - 25))
-44
What is the value of 19 + (-39 - 1) + (-36 - -104 - 47)?
0
Calculate (226 - 298) + 38 + -9.
-43
Evaluate (30 + -11 - (17 - 15)) + -68 - -9.
-42
What is the value of -34 + 87 + -32 + 29?
50
What is the value of 54 + (104 - 124) + -2?
32
Evaluate (-8 - (3 + -7 + -3)) + (-119 - -110).
-10
What is 10 + 0 + -12 + 1088 + -1097?
-11
What is the value of (-46 - -48) + 53 + -62?
-7
Evaluate 449 + -519 - (28 + 8).
-106
Calculate 0 - -16 - (-2633 - -2599 - (-30 + -1)).
19
Evaluate -18 - (31 + -20) - -41.
12
Calculate -10 - -8 - (-7 + -2 + -1) - (4 + -17).
21
Calculate 8 + 7 + -16 + -2 + -15 + -1.
-19
Evaluate 3 - (-11 + 9 + 17 + 5 + -10).
-7
Calculate -32 + 26 - -36 - (-8 + (2 - 5 - 0)).
41
234 + -54 + -117 + -4
59
-39 + (6 - -8) + (-16 - 2)
-43
Calculate -125 + -1 - (4194 + -4230).
-90
Calculate 6 - (12 - (6 - 18) - 11) - 13.
-20
Calculate -21 + 29 + -25 + -14 + 5.
-26
What is (-67 - (19 + -49)) + 71?
34
What is -8 + (57 - (-1 - -21)) + -24 + -1 + -50?
-46
-1101 - -1201 - (28 - -2)
70
Evaluate -61 + (141 - 87) - (-1 + 17).
-23
Calculate (-301 - -297) + (68 - 4 - (0 + -3)).
63
Calculate 2 + ((-2 - -2 - -75) + -9 - (2 - 13)).
79
Calculate 23 - 33 - (-7 + (0 + -69 - (-60 + 66))).
72
-9 + (-1 - 1) - (34 + -43 + (17 - -9))
-28
Calculate (-87 + 86 - (0 + 36)) + 29.
-8
What is (-32 - -28 - ((10 - 5) + -37)) + -10?
18
Calculate (29 - (125 - 101)) + -1 + -31.
-27
(-62 - 0) + (117 - (100 - -6))
-51
Evaluate 15 + (-29 + (71 - 56) - (30 + 0)).
-29
Evaluate 38 + -136 + 186 + -55.
33
-594 + 585 - (36 - -1 - 5)
-41
Calculate (-15 + 56 - 42) + (3 + 3 + -5 - -25).
25
Calculate -37 + (160 - 97) + -132.
-106
What is -35 + -1 + -5 + (-20 - 25) + 49?
-37
(-22 - 2) + 37 + (10 - 23) - (-2 - 88)
90
What is -52 - (-14 - -32 - -9) - (-12 - 0)?
-67
What is the value of -2 - -77 - (292 + -247)?
30
What is -67 + (21 + -3 - 6) + (25 - (14 + 19))?
-63
Evaluate 26 + 24 - 7 - 37 - -35.
41
Calculate (-95 - 50) + 27 + 1 + -10 + 3.
-124
Calculate -91 + (106 + -15 - 116).
-116
Evaluate (-38 - -23) + (75 - (-27 + 15)).
72
Calculate (43 - ((0 - -29) + -35)) + 25.
74
What is the value of (8091 - 8163) + (-1 - 28)?
-101
What is the value of (65 - ((1 - 2) + 1 + -88 + 96)) + -8?
49
2397 + -2453 + (15 - -1)
-40
Evaluate -113 + ((22 - (-4 - -15)) + -16 - -16).
-102
Calculate -12 + 19 + (-27 + -13 - -4).
-29
What is 84 + -49 + 54 + (2 - (-1 + 5)) + 2?
89
-3 - (-15 + (4 - 2 - -10) + 64 + -2)
-62
What is the value of -100 + 62 - 4 - (-9 + 0)?
-33
What is (-228 - -65) + 90 - (0 + 0)?
-73
Evaluate -29 + 27 + 7 + 2 + -53 + -4 + -10.
-60
Calculate (-6 - (-2 + -2 + -6)) + (-70 - (63 - 10)).
-119
What is (30 - 0) + 19148 + -19212?
-34
What is the value of (9 - 30) + -20 - -64?
23
Calculate (6 - (-6 - -64)) + 5 + 668 + -680.
-59
Evaluate (39 - 9 - 35 - 10) + (1 - -108).
94
Evaluate 29 - (46 + (34 - 48) - -54).
-57
Evaluate -48 + -27 + 52 - -33.
10
What is the value of (7 - (21 - (20 - -6))) + (3 - 1)?
14
What is the value of 5 + -44 + 17 + (-3 - -68)?
43
-23 - -44 - (9 - (11 - 0) - -4)
19
What is the value of -29 - (-23 + (-56 - -53))?
-3
Evaluate -64 - -48 - (7 + 7 + 4).
-34
Evaluate 38 + (-7 - -1) - (-53 - -62) - 150.
-127
Evaluate -84 - -45 - -260 - 43 - 50.
128
What is 2 + 0 + -6 + (-2 - (37 - 8))?
-35
What is the value of -1 + 27 + -21 + -20 + (-17 - 6)?
-38
128 - (-10 - (-13 + 0 - (56 - 7 - 47)))
123
What is the value of -1416 + 1388 - (3 + (-12 - -2))?
-21
Calculate -71 + (-17 - -154) + -94.
-28
What is 113 - 201 - -96 - (6 - 0)?
2
(-1230 - -1264) + (0 - 6 - 2)
26
Calculate -24 + -1 - (3934 + -3928).
-31
-2 + 28 + (44 - 78 - -28)
20
Evaluate 7 - ((2 - -36) + 5 - -13) - (-1 - -6).
-54
-42 + 1 + (-16 - (5 + -18)) + 4
-40
What is the value of (-119 - -10) + -25 + 44 + -9 + -17?
-116
(-19 - 12) + 62 - (0 + -13)
44
What is 2 - ((-6 - 2) + (-7 + -24 - -7))?
34
What is the value of 27 - (13 + (50 - 14))?
-22
What is the value of 55 + (-4 - 28) + (75 - 52)?
46
What is the value of 835 + -893 - (-30 - -3)?
-31
Calculate (0 - 8) + -8 + 2 + 4 + 27 + -24.
-7
Evaluate 68 + (2596 - 2529 - (33 + 0)).
102
Evaluate 35 + (0 - -87 - 104).
18
What is 9 + 66 + -17 - 101?
-43
((3 - 29) + 31 - (0 + 0)) + (10 - -76)
91
What is 55 + -52 + (-5 - 13)?
-15
Evaluate 323 - 306 - (2 + 54) - -21.
-18
What is 11 + -108 - (-576 + 519)?
-40
What is 32 - (11 - (138 - 9)) - (22 - -1)?
127
Evaluate -53 - (0 + 45 + -50).
-48
Evaluate -10 + 29 + (1 - 30) + -54.
-64
(11 - -3) + 1 + (-323 - -117) + 121
-70
Evaluate (435 - 418) + (-12 - (-1 + (-7 - -14))).
-1
What is -3 + 39 + -77 + 42 + -10 + -1?
-10
What is the value of -1 - -4 - (-48 - (-34 + 39)) - 2?
54
-7 - ((-2 + -73 - (-3 + 0)) + 11 + -13)
67
2553 - 2503 - (30 + 1)
19
What is the value of -23 + -2 - (-26 - 1 - (209 - 252))?
-41
What is the value of (-42 - 1) + (-18 - (-33 + (17 - 13)) - 10)?
-42
What is -7 + 0 + (-24 - (17 + -24 + -24)) - -102?
102
-2 + (3 - (5 - 14)) - (11 - (-8 - -60))
51
What is the value of -320 - (118 + (-451 - -165))?
-152
Calculate (-50 - (-10 - -9)) + (-2 - (-3 - 0)).
-48
-51 + -9 + 20 + -25 + 7
-58
Evaluate (12 - (43 + -18)) + -7 + -5.
-25
What is (-4 - (1 - 100)) + 22 + (-9 - (-18 + 28))?
98
Calculate (1 - (2 + 9)) + 201 + (26 - 222).
-5
Calculate 1 - -5 - (-4 + 15) - (309 - 325).
11
What is the value of 9 + 2 - (-26 - (-2 + 2 + -13) - -5)?
19
Evaluate -25 + 20 + (0 - -8 - (-96 - -101)).
-2
What is the value of -24 + (1 - -19) - (-27 + 6)?
17
(-52 - -10) + 57 + 2 + -1
16
What is (-77 - -239) + -251 - (-1 + 2 + (0 - -1))?
-91
What is the value of (-17 - 8) + 12 - -5?
-8
Evaluate 52 + -60 - ((-54 - -1 - 9) + 6).
48
What is (-94 - (-118 - 107)) + -122?
9
What is 88 + (33 - (-26 - -149))?
-2
(-19 - (-2 - 10) - 5) + 68
56
What is the value of -7 + -39 - -5 - -55?
14
What is the value of (0 - (-20 + 25 + -10)) + 7 + -4 + -18?
-10
Evaluate -1 + 37 + 85 + -73 + -22 + 1.
27
Calculate 29 - (-24 - ((14 - 27) + -1 + -3)).
36
Evaluate (30 - (63 + -29 - 3)) + (-1 - 1 - 49).
-52
What is the value of (137 - 116) + -4 + (-1